*d + 4. Let k be s(10). Let l be (-4)/k + (-6)/(-51). Let y(m) = m + 79. Is y(l) a composite number?
False
Let d = 189 - 207. Let i(k) = 4*k**2 - 6*k - 5. Is i(d) a prime number?
True
Suppose 98*z = 17761239 + 18143850 - 11545327. Is z a composite number?
False
Let y be 13/26*8261*2. Suppose -3*d + s + y = 0, 0 = -2*d - 2*s - 0*s + 5502. Suppose -5*o - 363 = -d. Is o composite?
True
Suppose -2 = -g - 0. Let t be (8 + -6)*(-421)/g. Let q = 622 + t. Is q prime?
False
Suppose 5*v - 4*x - 794414 = -257399, -429586 = -4*v - 2*x. Is v a composite number?
True
Let g(j) = -2*j**2 - j - 13. Let s = -31 - -22. Let f be g(s). Let o = f - -323. Is o composite?
False
Let g(q) be the third derivative of q**5 - q**4/24 - q**3/6 + 64*q**2. Suppose 2*j - 5*m + 0*m + 8 = 0, 5*j - 5*m + 5 = 0. Is g(j) a composite number?
True
Let a be (-3)/(((-1)/(-8))/(2/(-12))). Let v be (0 + a)*(-2)/(-4). Suppose x - 315 = 4*b, 4*x - b = v*b + 1312. Is x composite?
False
Let r(d) = -22517*d + 18. Let y be r(-1). Suppose 221*b + y = 226*b. Is b a prime number?
True
Suppose -2*a = 19849 - 80655. Is a a prime number?
True
Is (-2)/(-8) - (-165040)/64 prime?
True
Let g(n) = 4*n**2 + 48*n - 25. Let v(r) = r**2 + 16*r - 8. Let q(h) = -2*g(h) + 7*v(h). Let m be q(14). Suppose 0 = m*o - 19*o - 609. Is o a prime number?
False
Suppose 21*g + 924581 = 44*g + 169468. Is g prime?
True
Let x = 2430 - 2404. Let f = 14 - 9. Let t = f + x. Is t composite?
False
Suppose 4*t - 3*t = 5. Suppose -11*u + 939 + 1272 = 0. Suppose 0 = x + t*i - 0*i - 221, 5*i = x - u. Is x a composite number?
False
Suppose -3*p = -2*q - 120409, -p + 3*q + 22599 + 17549 = 0. Is p a composite number?
True
Suppose 114 = -6*s - 6. Is (-6)/15 - 2/(s/126034) composite?
True
Let p(l) = 8*l**2 - 34*l + 123. Let w be p(7). Suppose -k + 2742 = 2*k. Suppose h - w = k. Is h a composite number?
True
Suppose -75916*w - 9571308 = -75928*w. Is w composite?
True
Suppose -g = -2*l + 4, 3*l - 2*l - 1 = g. Suppose -2*f + 4*i - 1588 = 0, 0 = -g*f + 2*i + 586 - 2180. Let j = 3243 + f. Is j prime?
False
Let g be ((-1 - -4) + 20)*-16. Let p be g/(-1)*(-15)/4. Let z = 101 - p. Is z composite?
False
Is ((-79)/4)/((-2)/17988*(-21)/(-14)) a composite number?
True
Suppose 212*h + 6665595 = 227*h. Is h prime?
False
Let k(z) = -z**2 - 5*z + 13. Let u be 1*(-3 - (2 + -6))*-7. Let q be k(u). Let t(i) = -895*i. Is t(q) prime?
False
Let b be 9/(-3)*(-93)/9. Let w = 35 - b. Suppose -w*q = -150 + 2. Is q prime?
True
Is (165534/(-705))/(-1 + 106/110) composite?
True
Let b(q) = 2043*q**2 + 122*q + 1153. Is b(-10) prime?
True
Let z(b) = -3*b - 9. Let u be z(-4). Suppose 3*f + 14062 = 8*f - 2*k, -2*f - u*k + 5640 = 0. Suppose 0 = -21*a + 15*a + f. Is a a prime number?
False
Suppose -3*j = d + 752, -5*j - 1260 = 3*d + 1016. Is 11*-2*d/26 prime?
False
Let a = 63 - 63. Suppose -5*t - 4*q = -9089, a = t + 4*q - 7*q - 1814. Is t prime?
False
Let d = 21878 + -12121. Is d prime?
False
Let t(c) be the first derivative of 590*c**3/3 - c**2 - 3*c - 12. Let g be t(-2). Suppose -2*m - m = -g. Is m prime?
True
Let c = -21 + 25. Suppose 6*s - c*s = -1010. Let i = -231 - s. Is i prime?
False
Is (86892393/42 - -4)*6/27 a prime number?
True
Let n(b) = 418*b - 1886*b + 83 - 1251*b. Is n(-6) prime?
False
Let h = -18120 + 139691. Is h a prime number?
True
Let y be (-4)/(-42) - (4 - 110836/21). Suppose 63*a + y = 72*a. Is a prime?
False
Suppose 0 = -9*q + 2 + 43. Suppose -2*o + 4*t + 32 = 0, -5*t = -q*o + 2*o + 44. Is 5048/o + 4/2 composite?
True
Suppose u + 6*z - 2*z + 8 = 0, 2*u + 21 = -3*z. Let o = 31 + -29. Is u/(-16)*-314*o/(-3) a prime number?
True
Let z(v) be the third derivative of 19*v**5/60 + 59*v**4/24 + 23*v**3/6 - v**2 + 9. Is z(-16) prime?
True
Let b(l) = 183*l**3 + 8*l**2 - 8*l + 91. Is b(6) composite?
True
Let y be 4/(-2) + (7 - -1). Suppose r - 1638 = -y*r. Let t = -145 + r. Is t a prime number?
True
Suppose -2*d = 5*i - 482554, -2*d + 214491 = -5*i - 268063. Is d composite?
True
Let n(k) = 163*k - 76*k + 484*k + 288*k - 8. Is n(1) prime?
False
Let l = 18 - 18. Suppose 5*m = 2*u - 5, l = -5*m + 2 - 7. Suppose u = -8*i + 11*i - 3765. Is i a composite number?
True
Let a(g) = -4*g + 13. Let j be a(4). Let y be 0*-2*1*j/(-12). Suppose u - o = -4*u + 42321, -2*u - 4*o + 16946 = y. Is u prime?
False
Suppose -2*p + 0*q + 3*q + 5381 = 0, 4*p + 2*q - 10754 = 0. Let v = p - 1662. Is v prime?
False
Let a(c) = 3*c**3 - 8*c**2 + 7*c - 5. Let p(v) be the third derivative of -v**5/60 - 7*v**4/24 + 7*v**3/3 - 6*v**2. Let q be p(-8). Is a(q) prime?
True
Is (-1)/(189696/1707507 - (8/(-9))/(-8)) composite?
False
Suppose -2*x + 27608 = -5*i + 81463, x - 2*i + 26927 = 0. Let k = 47758 + x. Is k composite?
True
Suppose 0 = -6*g + g + 30. Suppose -p = -2*p + 5*b + 23, -3*b = 2*p + g. Suppose -p*u + 5*u - 502 = 0. Is u a composite number?
False
Let o be (42/(-49))/((-1)/7). Suppose 5*l + s = 14346, 2*s = 4*l + o*s - 11464. Suppose -l = -4*x - 762. Is x composite?
True
Let s = -457 + 462. Suppose -15044 = -s*j - 3*i, 0*i = -3*j + 3*i + 9012. Is j composite?
True
Suppose -5*c - 5*f + 68065 = -10*f, -3*f = -2*c + 27232. Is c composite?
True
Let t(d) = -d**2 - 16*d - 60. Let n be t(-5). Is (-1 - -4)*(n + 15448/12) prime?
True
Let n(o) = 8*o**2 + 6*o - 2. Let k be n(8). Suppose 13745 = -553*v + k*v. Is v prime?
True
Let c(k) = 1133*k**2 - 2. Let n(u) = u**3 + 17*u**2 - 17*u + 20. Let r be n(-18). Let q be c(r). Suppose 6*x = 840 + q. Is x a composite number?
True
Let w(m) = -1 + 3289*m + 23*m - 734*m + 1310*m + 2937*m. Is w(2) a composite number?
False
Let i = -59 + 79. Let a = i - 18. Suppose 2*c + a*c - 2876 = 0. Is c a composite number?
False
Let f = -247016 + 462161. Suppose -f = -8*d - 25121. Is d a prime number?
True
Suppose 25*q + 506830 = 8*q + 27*q. Is q prime?
True
Let o be 12/(-48) + 12889/4. Suppose 9590 = 4*k - o. Is k prime?
True
Suppose -197*r = -196*r + 3*v - 138139, r - 138123 = -5*v. Is r prime?
True
Let b(v) = 39*v**3 - 4*v**2 - 14*v + 11. Let q be b(6). Suppose -5*c - q - 3283 = -5*s, -s + 2*c = -2303. Is s a composite number?
False
Suppose 0 = -v + 77 - 27. Let c(l) = -v*l - 110*l - 31 + 4*l. Is c(-7) composite?
False
Let y = 1147 - 168. Suppose 4839 = 4*f + y. Is 4 + f - ((-6)/(-1))/3 a prime number?
True
Is (-1044043)/(-52) - (-27)/(-36) a prime number?
False
Let c(b) = -40*b**3 + 3*b**2 - 60*b + 1. Is c(-16) a prime number?
True
Suppose 5*h - 2*h + 4*i - 58 = 0, 4*i + 72 = 2*h. Suppose -h*w + 16612 = -2550. Is w a composite number?
True
Let t(y) = -193*y - 40. Let l be t(19). Let c = l - -5376. Is c composite?
False
Let j = -3100 + 901. Let d = -3093 - 757. Let v = j - d. Is v composite?
True
Let g = 15 + -13. Suppose -3*l = 4*o - 5936, g*l = -o - 2*o + 3956. Suppose 3*w + w + 3*a - 1976 = 0, 4*w + a - l = 0. Is w a prime number?
False
Suppose 39*l - 5923805 = 14180968. Is l composite?
False
Suppose 1764 = 8*l + 84. Suppose 13*g = 10*g + l. Suppose 4*m - g = -3*c, -3*c + 38 = -5*m - 23. Is c prime?
False
Let h = 143097 - 86294. Is h a prime number?
False
Suppose 48*p = 46123 + 35688 + 7325. Is p a prime number?
False
Suppose 3*b = 3*s - 2265369, 15*s - 11*s - 5*b - 3020486 = 0. Is s a prime number?
False
Let s(m) = 288*m**2 + 11*m - 6. Let x be s(-3). Let d = -14 - -8. Is (-5 + 3)/(d/x) a prime number?
False
Let g be -4*(2 - (-25)/(-10)). Suppose g*t = 4*k - t + 5377, -3*t - 6755 = 5*k. Let m = 33 - k. Is m composite?
False
Suppose i - 6*i = 10570. Let w(c) = 4*c**2 - 93*c - 780. Let a be w(-23). Let s = i + a. Is s composite?
False
Suppose 3*c = 0, 0 = -3*j - 4*c + 9146 + 3715. Suppose 786 = -9*k + j. Suppose s - b - 35 - 61 = 0, k = 4*s + b. Is s composite?
False
Let m(j) = 731*j + 1632*j + 2257*j + 3 - 1429*j. Is m(1) a prime number?
False
Suppose -28*n = -219 - 2021. Suppose 84*m - n*m - 73412 = 0. Is m a composite number?
False
Suppose -17*l = -22*l + 20. Let c be (4 + -8)*(-3)/l. Suppose c*q - 351 = -2*a, 5*a = 4*q - 56 - 389. Is q prime?
False
Let w(a) = 45*a**3 + 3*a**2 + a + 8. Let v be w(3). Let r = v + -182. Let u = r + -280. Is u composite?
True
Let u(w) = w**2 + 20*w + 40. Let p be u(-18). Suppose -k + 5*v = -4*k + 907, p*k - v = 1171. Suppose k + 40 = 2*q. Is q a prime number?
True
Let m = -259 - 1625. Suppose -2*q + 1913 = -3*y, 3*y - 10*q = -7*q 